{"id":58,"date":"2020-01-10T11:05:02","date_gmt":"2020-01-10T11:05:02","guid":{"rendered":"http:\/\/m.stadtschulpflegschaft-iserlohn.de\/?page_id=58"},"modified":"2024-01-14T10:50:35","modified_gmt":"2024-01-14T10:50:35","slug":"grundsaetze-unserer-arbeit","status":"publish","type":"page","link":"https:\/\/www.stadtschulpflegschaft-iserlohn.de\/?page_id=58","title":{"rendered":"Grunds\u00e4tze"},"content":{"rendered":"\n<h2 class=\"wp-block-heading\"><\/h2>\n\n\n\n<p>Da die Stadtschulpflegschaft Iserlohn die Interessen m\u00f6glichst vieler Eltern vertreten m\u00f6chte, legen wir gro\u00dfen Wert auf ein kooperatives Miteinander und Transparenz.<\/p>\n\n\n\n<ul class=\"wp-block-list\">\n<li>Alle Schulformen werden gleichberechtigt vertreten <\/li>\n\n\n\n<li>Partikularinteressen haben hinter allg. Interessen zur\u00fcckzustehen <\/li>\n\n\n\n<li>Ziel ist Ausbau der Qualit\u00e4t des Bildungsangebotes und der Unterrichtsqualit\u00e4t f\u00fcr alle Kinder, Jugendliche und Heranwachsende<\/li>\n\n\n\n<li>Hohes Ma\u00df an Transparenz und Partizipationsm\u00f6glichkeiten<\/li>\n\n\n\n<li>Vorurteilsfreie, unabh\u00e4ngige und umfassende Information der Elternschaft und der Sch\u00fclerInnen in allen Schulformen <\/li>\n\n\n\n<li>Umfassende Information und Aufkl\u00e4rung \u00fcber Bildungskonzepte zum Beispiel  in den Bereichen: individuelle F\u00f6rderung, Inklusion,  eigenverantwortliches Lernen, F\u00f6rderung von Kindern mit  Migrationshintergrund <\/li>\n<\/ul>\n\n\n\n<p class=\"has-large-font-size\"><strong>Protokolle<\/strong><\/p>\n\n\n\n<p><strong>Die folgenden Protokolle stehen zur Verf\u00fcgung (r\u00fcckw\u00e4rts chronologisch):<\/strong><\/p>\n\n\n\n<p><\/p>\n\n\n\n<p><\/p>\n\n\n\n<p class=\"has-medium-font-size\"><strong>2.11.2023<\/strong><\/p>\n\n\n\n<p class=\"has-medium-font-size\"><strong>14.6.2023<\/strong><\/p>\n\n\n\n<p class=\"has-medium-font-size\"><strong>24.11.2022<\/strong><\/p>\n\n\n\n<p class=\"has-medium-font-size\"><strong>22.6.2022<\/strong><\/p>\n\n\n\n<p class=\"has-medium-font-size\"><strong>7.10.2021<\/strong><\/p>\n\n\n\n<p class=\"has-medium-font-size\"><strong>10.1.2019 <\/strong><\/p>\n\n\n\n<p class=\"has-medium-font-size\"><strong>6.11.2018<\/strong><\/p>\n\n\n\n<div data-wp-interactive=\"core\/file\" class=\"wp-block-file\"><object data-wp-bind--hidden=\"!state.hasPdfPreview\" hidden class=\"wp-block-file__embed\" data=\"https:\/\/www.stadtschulpflegschaft-iserlohn.de\/wp-content\/uploads\/2024\/01\/06.11.2018.pdf\" type=\"application\/pdf\" style=\"width:100%;height:600px\" aria-label=\"Einbettung von 06.11.2018.\"><\/object><a id=\"wp-block-file--media-6fedcc15-55ff-4643-b683-2d0b7eeb7a84\" href=\"https:\/\/www.stadtschulpflegschaft-iserlohn.de\/wp-content\/uploads\/2024\/01\/06.11.2018.pdf\">06.11.2018<\/a><a href=\"https:\/\/www.stadtschulpflegschaft-iserlohn.de\/wp-content\/uploads\/2024\/01\/06.11.2018.pdf\" class=\"wp-block-file__button wp-element-button\" download aria-describedby=\"wp-block-file--media-6fedcc15-55ff-4643-b683-2d0b7eeb7a84\">Herunterladen<\/a><\/div>\n","protected":false},"excerpt":{"rendered":"<p>Da die Stadtschulpflegschaft Iserlohn die Interessen m\u00f6glichst vieler Eltern vertreten m\u00f6chte, legen wir gro\u00dfen Wert auf ein kooperatives Miteinander und Transparenz. Protokolle Die folgenden Protokolle stehen zur Verf\u00fcgung (r\u00fcckw\u00e4rts chronologisch): &#8230;<\/p>\n","protected":false},"author":1,"featured_media":67,"parent":0,"menu_order":0,"comment_status":"closed","ping_status":"closed","template":"template-fullwidth.php","meta":{"footnotes":""},"class_list":["post-58","page","type-page","status-publish","has-post-thumbnail","hentry"],"_links":{"self":[{"href":"https:\/\/www.stadtschulpflegschaft-iserlohn.de\/index.php?rest_route=\/wp\/v2\/pages\/58","targetHints":{"allow":["GET"]}}],"collection":[{"href":"https:\/\/www.stadtschulpflegschaft-iserlohn.de\/index.php?rest_route=\/wp\/v2\/pages"}],"about":[{"href":"https:\/\/www.stadtschulpflegschaft-iserlohn.de\/index.php?rest_route=\/wp\/v2\/types\/page"}],"author":[{"embeddable":true,"href":"https:\/\/www.stadtschulpflegschaft-iserlohn.de\/index.php?rest_route=\/wp\/v2\/users\/1"}],"replies":[{"embeddable":true,"href":"https:\/\/www.stadtschulpflegschaft-iserlohn.de\/index.php?rest_route=%2Fwp%2Fv2%2Fcomments&post=58"}],"version-history":[{"count":10,"href":"https:\/\/www.stadtschulpflegschaft-iserlohn.de\/index.php?rest_route=\/wp\/v2\/pages\/58\/revisions"}],"predecessor-version":[{"id":232,"href":"https:\/\/www.stadtschulpflegschaft-iserlohn.de\/index.php?rest_route=\/wp\/v2\/pages\/58\/revisions\/232"}],"wp:featuredmedia":[{"embeddable":true,"href":"https:\/\/www.stadtschulpflegschaft-iserlohn.de\/index.php?rest_route=\/wp\/v2\/media\/67"}],"wp:attachment":[{"href":"https:\/\/www.stadtschulpflegschaft-iserlohn.de\/index.php?rest_route=%2Fwp%2Fv2%2Fmedia&parent=58"}],"curies":[{"name":"wp","href":"https:\/\/api.w.org\/{rel}","templated":true}]}}

Grundsätze

<h2 class="wp-block-heading"></h2>



<p>Da die Stadtschulpflegschaft Iserlohn die Interessen möglichst vieler Eltern vertreten möchte, legen wir großen Wert auf ein kooperatives Miteinander und Transparenz.</p>



<ul class="wp-block-list">
<li>Alle Schulformen werden gleichberechtigt vertreten </li>



<li>Partikularinteressen haben hinter allg. Interessen zurückzustehen </li>



<li>Ziel ist Ausbau der Qualität des Bildungsangebotes und der Unterrichtsqualität für alle Kinder, Jugendliche und Heranwachsende</li>



<li>Hohes Maß an Transparenz und Partizipationsmöglichkeiten</li>



<li>Vorurteilsfreie, unabhängige und umfassende Information der Elternschaft und der SchülerInnen in allen Schulformen </li>



<li>Umfassende Information und Aufklärung über Bildungskonzepte zum Beispiel  in den Bereichen: individuelle Förderung, Inklusion,  eigenverantwortliches Lernen, Förderung von Kindern mit  Migrationshintergrund </li>
</ul>



<p class="has-large-font-size"><strong>Protokolle</strong></p>



<p><strong>Die folgenden Protokolle stehen zur Verfügung (rückwärts chronologisch):</strong></p>



<p></p>



<p></p>



<p class="has-medium-font-size"><strong>2.11.2023</strong></p>



<p class="has-medium-font-size"><strong>14.6.2023</strong></p>



<p class="has-medium-font-size"><strong>24.11.2022</strong></p>



<p class="has-medium-font-size"><strong>22.6.2022</strong></p>



<p class="has-medium-font-size"><strong>7.10.2021</strong></p>



<p class="has-medium-font-size"><strong>10.1.2019 </strong></p>



<p class="has-medium-font-size"><strong>6.11.2018</strong></p>



<div data-wp-interactive="core/file" class="wp-block-file"><object data-wp-bind--hidden="!state.hasPdfPreview" hidden class="wp-block-file__embed" data="https://www.stadtschulpflegschaft-iserlohn.de/wp-content/uploads/2024/01/06.11.2018.pdf" type="application/pdf" style="width:100%;height:600px" aria-label="Einbettung von 06.11.2018."></object><a id="wp-block-file--media-6fedcc15-55ff-4643-b683-2d0b7eeb7a84" href="https://www.stadtschulpflegschaft-iserlohn.de/wp-content/uploads/2024/01/06.11.2018.pdf">06.11.2018</a><a href="https://www.stadtschulpflegschaft-iserlohn.de/wp-content/uploads/2024/01/06.11.2018.pdf" class="wp-block-file__button wp-element-button" download aria-describedby="wp-block-file--media-6fedcc15-55ff-4643-b683-2d0b7eeb7a84">Herunterladen</a></div>

<p>Da die Stadtschulpflegschaft Iserlohn die Interessen möglichst vieler Eltern vertreten möchte, legen wir großen Wert auf ein kooperatives Miteinander und Transparenz. Protokolle Die folgenden Protokolle stehen zur Verfügung (rückwärts chronologisch): &#8230;</p>
